Let l(q) = -q**3 - 19*q**2 - 18*q - 8. Let x be l(-18). Is d(x) a prime number?
True
Suppose 240503 = 37*j - 198428. Is j prime?
True
Is (2 + 4005/(-27))*(2 + -5) composite?
False
Let w = 3 + -9. Is ((-10)/w)/((-5)/(-2595)) composite?
True
Let u = 7007 + 53202. Is u a prime number?
True
Let s(b) = -b**2 - 6*b + 11. Let r be s(-6). Let k(g) = 10*g**2 - 15*g + 16. Is k(r) a composite number?
False
Let d(j) = j**3 + 37*j**2 + 61*j - 50. Is d(-23) composite?
False
Suppose -4*o - o + 25 = 0. Suppose 2*x + 3*y - o*y = 58, -145 = -5*x + 2*y. Let z = 738 - x. Is z a prime number?
True
Let r(t) = -15*t + 20. Let y be r(9). Let w = y - -208. Suppose 3*d - 90 = 3*m, -3*d + w = m - 9. Is d composite?
True
Suppose 4*m + 4*c - 19748 = 25344, 5*c + 25 = 0. Is 1/(-2) + m/4 composite?
False
Let d(f) = 238*f**2 - 2. Let v be d(2). Suppose -5*k + 488 = -2*n + 2418, -5*k + v = n. Let g = n + -653. Is g composite?
False
Let g(j) = -3*j - 508. Let u be g(0). Let w = u + 726. Is w prime?
False
Let v(z) be the third derivative of z**5/30 + z**4/3 + 11*z**3/6 - 8*z**2. Is v(11) prime?
False
Suppose 4*s = 821 + 455. Is s prime?
False
Suppose 3*p = -p + r + 2, 10 = -2*p - 5*r. Suppose p*d = -3*d - 4*v - 17, -12 = -2*d + 2*v. Is (-4)/((-12)/111) + d prime?
False
Is (0 + -8654)*29/(-58) a prime number?
True
Let d = 44735 + -24082. Is d a prime number?
False
Let a(o) = o**3 - o + 607. Let z be a(0). Let h = -356 + z. Is h composite?
False
Let d = 48 + -63. Is 6064 - d/10*2 prime?
True
Let j be ((32/12)/(-4))/((-1)/3). Is (j + 1438 - -1)*(6 + -5) composite?
True
Let t(r) = r + 12. Let v(o) = 3*o + 8. Let a be v(-6). Let u be t(a). Suppose -2*g + u*b = -0*g - 3702, -2*g + 3690 = b. Is g a prime number?
True
Suppose 944 = 3*t + 2852. Let j = 1117 + t. Is j prime?
False
Suppose -v - 2*v + 2988 = 0. Suppose -4*j - 2*b + v = 0, -5*j - 3*b + 0*b = -1243. Is j a prime number?
True
Suppose 6*h = h - 20. Let q be h + (2 - 3*-2). Suppose q*u - 4*n + 106 = 582, -5*n + 119 = u. Is u composite?
True
Suppose 9*d = -4*d + 26. Suppose d*f + 4531 = 3*r, f = -0*r + 5*r - 7554. Is r prime?
True
Let g(p) = 27*p**2 - p + 3. Let a(k) = -k**2 + 4*k + 5. Let s be a(4). Is g(s) prime?
True
Let n(z) be the third derivative of 7*z**4/6 + 5*z**3/6 - z**2. Let u be n(6). Suppose 3*c - 796 = u. Is c a prime number?
False
Suppose 86455 = 11*c - 171286. Is c composite?
False
Suppose 5*y = -5*c + 250, 4*y - 5*y + 150 = 3*c. Suppose l = c - 1. Is l a composite number?
True
Let r(b) = -1410*b**3 + b**2 + b + 1. Let j be r(-1). Let m = j + -968. Is m a prime number?
True
Let j(h) = -7*h**2 + 8*h + 19. Let p(q) = 4*q**2 - 4*q - 10. Let k(n) = -3*j(n) - 5*p(n). Let f be (4 - 6) + (16 - 2). Is k(f) a prime number?
True
Let a be -96*(2 + 13/(-2)). Let l be 1084/(-12)*(1 - -2). Let s = l + a. Is s a composite number?
True
Let q(y) be the third derivative of 176*y**5/15 + y**4/8 + 5*y**3/6 - 5*y**2. Is q(-2) composite?
True
Let w(h) = 8*h**2 - 11*h - 123. Is w(-36) composite?
True
Let c be 15*(20/12)/5. Suppose 5*q + 1507 = 3*y, -5*y - 577 + 3102 = -c*q. Suppose 0 = 4*m - 5*s - y, -4*m + 3*m + 3*s + 122 = 0. Is m composite?
False
Suppose 5*o = 5*u - 2350, -5*o - 437 = -3*u + 977. Let y = -289 + u. Is y a composite number?
False
Suppose -3*k - 4*l + 15 = -2*k, -2*k + 9 = l. Suppose k*v - 30 = -2*v. Is (-921)/(-1)*2/v composite?
False
Let f = 5 + 0. Let p = -16 + 21. Suppose -f*s + 339 = -4*h, s - p*h = -0*s + 51. Is s a prime number?
True
Suppose -3*v = -15, -3*v + 1174 = -3*h - 506. Let j = h - -1118. Is j a composite number?
False
Suppose 16*w + 8 = 14*w. Let h be 6*(-1 + -1)/w. Suppose -h*t = -8*t + 1945. Is t prime?
True
Let g = 56659 - 26754. Is g prime?
False
Let k = 82 + 715. Is k a composite number?
False
Let f = 1944 + -17. Is f a prime number?
False
Let m = -118 + 117. Is (3/2 - 0)/(m/(-1138)) a prime number?
False
Let a be (6/(-4))/((-3)/18). Suppose 3*h - a = -0*h. Suppose 0 = -3*s + h*x + 774, -165 - 579 = -3*s - 3*x. Is s composite?
True
Suppose 0 = -5*s - 7003 + 59948. Is s prime?
True
Suppose -8*t - 75 = -3*t. Let d be (-73)/t - (-2)/15. Suppose -d*u + 1339 + 3906 = 0. Is u a composite number?
False
Let k(x) = x**2 + 11*x - 20. Suppose -n + 16 = -0*n - 3*b, 3*n - 3*b = 30. Is k(n) composite?
True
Is ((-123182)/(-51))/(-2 - (-64)/30) a prime number?
False
Let j(a) = -a**2 + 2 + 5 + 7*a**3 + 22*a**3. Is j(4) a composite number?
False
Suppose -h = 13 + 3. Let a = -135 + 244. Let l = h + a. Is l a prime number?
False
Suppose -4*y - 4*q = 912, q = y - q + 219. Let j = y - -944. Is j a prime number?
True
Let q(d) = -4*d + 74. Let t be q(18). Is (t/(-4))/(-5 + (-5956)/(-1192)) prime?
True
Let l = 10242 - -2077. Is l a composite number?
True
Suppose -7*j - 970 = 2152. Let l = 657 + j. Is l composite?
False
Let k(h) = 166*h**2 - 8*h - 7. Is k(-2) composite?
False
Let g = 22162 + -9273. Is g a composite number?
False
Let x be (-27)/(-90)*-338 + (-3)/5. Let d(a) = 13*a**2 + 4*a - 5. Let t be d(-4). Let i = x + t. Is i a prime number?
False
Is (1 - -14698)/((21 - 2)/19) a composite number?
False
Let b be (-7 + 0 + 6)/((-3)/(-18)). Let v(k) = -57*k - 1. Let u be v(4). Is (u/2)/(b/60) a prime number?
False
Let z(w) = w**2 - 4*w - 6. Let a be z(5). Let o(g) = -1775*g + 2. Is o(a) a prime number?
True
Let b = -35 - -87. Suppose -3*n = -b + 10. Is n prime?
False
Let d(i) = -i**2 - i + 2269. Let h be d(0). Suppose -k - 7*o + 550 = -2*o, -3*o - h = -4*k. Is k composite?
True
Let c = -5105 + 9004. Is c a composite number?
True
Let n = -4254 + 7661. Is n a prime number?
True
Let c(w) = 41*w**2 + w + 45. Is c(-7) prime?
False
Suppose -18029 = -24*l + 13*l. Is l composite?
True
Let k be 1 - (-1744 - (-2 - -2 - -1)). Suppose 376 = -5*v + k. Is v composite?
True
Suppose 4*m = -0*m + 20. Suppose 4*l = m*l - 149. Is l composite?
False
Let s(r) = -r**3 - 10*r**2 - 9*r + 8. Let n be s(-9). Suppose -n*a = -2*a - 24. Is a/(-1) - (-7 - 76) a prime number?
True
Suppose 2313 = 4*k + o - 2764, 5*k = -2*o + 6347. Suppose -w + 299 = -r, 226 = 5*w - 3*r - k. Is w composite?
True
Is 6918208/110 + 2/10 a prime number?
False
Suppose -5*a + 243400 = 3*u, -34*u - 5 = -33*u. Is a composite?
True
Let c(m) = 2*m**2 - 4*m - 1. Suppose 0 = -3*n + 33 + 177. Let w be ((-4)/(-5))/((-7)/n). Is c(w) composite?
True
Let p = -30068 + 43567. Is p composite?
False
Suppose -8*b = l - 6*b - 5341, 3*b - 16014 = -3*l. Suppose 1781 = f - h, -4*f + h = -f - l. Is f a prime number?
True
Let x = -653 - -1381. Let a = -571 + 575. Suppose a*i = x + 116. Is i composite?
False
Let s be -21*124 + -5 + -1 + 4. Let t = -1657 - s. Is t composite?
True
Suppose 4*m + 5*n - 25 - 55 = 0, -n - 71 = -5*m. Suppose m + 58 = -b. Let h = b - -232. Is h a prime number?
False
Suppose f = 7*f - 18. Suppose 0*p + 3476 = 2*x + 2*p, -2*x = -f*p - 3461. Is x a prime number?
False
Let h(i) = i - 12. Let x(u) = -u + 11. Let z(l) = 3*h(l) + 4*x(l). Let t be z(8). Suppose t = 9*k - 4*k - 1195. Is k a prime number?
True
Suppose 4*l + 0*j = -3*j + 3, 0 = -3*l + 2*j - 2. Let y = -4 + l. Is 448 + ((-12)/(-1))/y a composite number?
True
Suppose -4*w + 0*w = -6596. Is w prime?
False
Let x = 46 - 69. Let p = x - -32. Is p prime?
False
Let x(d) = 771*d + 28. Is x(1) composite?
True
Let t = -36 + 40. Let h(v) = -3*v + 9. Let f be h(3). Suppose t*s + s - 3175 = f. Is s a composite number?
True
Is (14/((-392)/(-34027)))/(2/8) a prime number?
True
Let i(d) = 3*d**3 + d - 1. Let u be i(1). Suppose u*b = 6*b - 378. Suppose -4*c + c - 3*h = -b, 4*c - 175 = 3*h. Is c a composite number?
False
Let u = 105002 - 53953. Is u prime?
False
Let v(t) = t + 0 - 3 + 4 - 2*t. Let p be v(-2). Suppose -p*a + 80 + 79 = 0. Is a a prime number?
True
Let b(r) = 837*r**2 + 5*r - 1. Let h be b(1). Let s = h - 504. Is s a composite number?
False
Let v(r) = -2*r - 4. Let i be v(-3). Suppose -5*z + 20 = 5*w - 0, -2*z = -i*w + 8. Suppose z = 6*k - 4*k - 190. Is k prime?
False
Let f(v) = -8*v**3 + 3*v + 7. Suppose -76 = 6*o - 40. Is f(o) prime?
False
Suppose -2*j + 1766 = 450. Suppose -j = -79*a + 77*a. Is a a composite number?
True
Let s be (-24)/20*((-75)/6)/5. Suppose s*z = 2*v + 1661, 3*z + v + 2223 = 7*z. Is z composite?
False
Let d be 14/49 + (-40)/(-7). Suppose -d*y = -2*y + 8. Is (5 + y)*(-89)/(-3) a prime number?
True